en 2176547729 is divided by 13876.
13873
What is the remainder when 448641 is divided by 37368?
225
Calculate the remainder when 510542 is divided by 65.
32
What is the remainder when 1067457 is divided by 177907?
15
Calculate the remainder when 842033 is divided by 122.
111
What is the remainder when 461024 is divided by 1306?
6
Calculate the remainder when 95667 is divided by 134.
125
What is the remainder when 500682 is divided by 917?
0
Calculate the remainder when 547673 is divided by 696.
617
What is the remainder when 17411069 is divided by 15?
14
Calculate the remainder when 16645 is divided by 442.
291
What is the remainder when 133539044 is divided by 507753?
5
What is the remainder when 66738 is divided by 683?
487
Calculate the remainder when 1739310 is divided by 869652.
6
Calculate the remainder when 46207 is divided by 30.
7
Calculate the remainder when 62348 is divided by 57800.
4548
Calculate the remainder when 14434437 is divided by 222.
219
Calculate the remainder when 7054893 is divided by 1410976.
13
Calculate the remainder when 18941 is divided by 288.
221
Calculate the remainder when 23129 is divided by 22376.
753
Calculate the remainder when 1466991 is divided by 6729.
69
Calculate the remainder when 15864994 is divided by 448.
418
What is the remainder when 1498916 is divided by 469?
461
Calculate the remainder when 1282629 is divided by 209.
205
Calculate the remainder when 1014881 is divided by 338277.
50
Calculate the remainder when 2759598 is divided by 689899.
2
What is the remainder when 130912669 is divided by 130912660?
9
Calculate the remainder when 8002 is divided by 920.
642
What is the remainder when 285099 is divided by 154?
45
What is the remainder when 161753 is divided by 2415?
2363
What is the remainder when 196691 is divided by 806?
27
What is the remainder when 1910755 is divided by 51637?
186
What is the remainder when 52213073 is divided by 130?
3
Calculate the remainder when 13656 is divided by 1915.
251
What is the remainder when 1626589 is divided by 684?
37
Calculate the remainder when 4335980 is divided by 2236.
376
Calculate the remainder when 465855 is divided by 465762.
93
What is the remainder when 6016982 is divided by 1361?
1
What is the remainder when 641238 is divided by 128220?
138
What is the remainder when 2228862 is divided by 44576?
62
What is the remainder when 6425634 is divided by 55875?
9
What is the remainder when 5834385 is divided by 129?
102
What is the remainder when 44486 is divided by 357?
218
Calculate the remainder when 4894411 is divided by 355.
26
Calculate the remainder when 2855534 is divided by 16.
14
What is the remainder when 74888 is divided by 8313?
71
What is the remainder when 120672 is divided by 10237?
8065
Calculate the remainder when 6252314 is divided by 1563077.
6
Calculate the remainder when 38082015 is divided by 4564.
4563
Calculate the remainder when 9205219 is divided by 20098.
335
Calculate the remainder when 38275 is divided by 1207.
858
What is the remainder when 10311 is divided by 642?
39
What is the remainder when 1089246 is divided by 782?
702
What is the remainder when 10058397 is divided by 1243?
41
Calculate the remainder when 21574645 is divided by 7191541.
22
What is the remainder when 578057 is divided by 578026?
31
Calculate the remainder when 120621 is divided by 2075.
271
What is the remainder when 11824386 is divided by 1074944?
2
What is the remainder when 57193 is divided by 83?
6
Calculate the remainder when 17481810 is divided by 1165454.
0
Calculate the remainder when 309936 is divided by 3092.
736
What is the remainder when 3362757 is divided by 71?
55
What is the remainder when 769406 is divided by 769391?
15
Calculate the remainder when 1940001 is divided by 358.
357
What is the remainder when 29470503 is divided by 82?
31
What is the remainder when 12458169 is divided by 742?
731
Calculate the remainder when 1708658 is divided by 370.
368
Calculate the remainder when 301243 is divided by 214.
145
Calculate the remainder when 103088 is divided by 34310.
158
Calculate the remainder when 4690936 is divided by 586367.
0
What is the remainder when 6389412 is divided by 5039?
4999
Calculate the remainder when 2315036 is divided by 241.
231
What is the remainder when 1050901 is divided by 45690?
31
Calculate the remainder when 168115 is divided by 967.
824
Calculate the remainder when 116287 is divided by 29060.
47
What is the remainder when 3479723 is divided by 541?
11
What is the remainder when 19032024 is divided by 265?
254
Calculate the remainder when 13508981 is divided by 1502.
1495
Calculate the remainder when 36305 is divided by 613.
138
What is the remainder when 32525325 is divided by 75?
0
What is the remainder when 1892604 is divided by 1221?
54
Calculate the remainder when 28523261 is divided by 334.
329
Calculate the remainder when 108726972 is divided by 58.
56
Calculate the remainder when 946270 is divided by 257.
253
Calculate the remainder when 78845058 is divided by 1330.
1328
What is the remainder when 1115946 is divided by 314?
304
What is the remainder when 12418860 is divided by 6209413?
34
Calculate the remainder when 10776637 is divided by 238.
235
What is the remainder when 111567 is divided by 864?
111
Calculate the remainder when 3269854 is divided by 130792.
54
Calculate the remainder when 35263 is divided by 11720.
103
Calculate the remainder when 144504121 is divided by 1946.
1945
What is the remainder when 34433 is divided by 892?
537
What is the remainder when 237951 is divided by 543?
117
Calculate the remainder when 8059673 is divided by 1440.
1433
What is the remainder when 24438 is divided by 1211?
218
Calculate the remainder when 4077801 is divided by 1019448.
9
What is the remainder when 32360340 is divided by 8?
4
What is the remainder when 15113757 is divided by 5762?
31
Calculate the remainder when 168843 is divided by 3375.
93
What is the remainder when 7962306 is divided by 557?
548
What is the remainder when 65950950 is divided by 368441?
11
Calculate the remainder when 1476971 is divided by 48.
11
Calculate the remainder when 243660239 is divided by 11.
9
Calculate the remainder when 168943 is divided by 58.
47
Calculate the remainder when 238595047 is divided by 126.
61
What is the remainder when 492252 is divided by 149?
105
What is the remainder when 4067585 is divided by 84740?
65
What is the remainder when 71015579 is divided by 3330?
3329
What is the remainder when 10725 is divided by 1481?
358
What is the remainder when 296622 is divided by 49394?
258
What is the remainder when 7332413 is divided by 7332382?
31
What is the remainder when 3401698 is divided by 2130?
88
Calculate the remainder when 858246 is divided by 21.
18
Calculate the remainder when 782875 is divided by 6213.
37
What is the remainder when 2627919 is divided by 76?
67
Calculate the remainder when 20379493 is divided by 37670.
23
Calculate the remainder when 13602 is divided by 369.
318
What is the remainder when 446675 is divided by 4293?
203
What is the remainder when 35268491 is divided by 8?
3
What is the remainder when 119504 is divided by 39801?
101
What is the remainder when 89821060 is divided by 583?
582
Calculate the remainder when 6382749 is divided by 335934.
3
What is the remainder when 25055 is divided by 3579?
2
Calculate the remainder when 1693303 is divided by 178.
167
Calculate the remainder when 484663 is divided by 333.
148
What is the remainder when 298172 is divided by 11034?
254
What is the remainder when 186020 is divided by 37192?
60
What is the remainder when 30333193 is divided by 179?
32
Calculate the remainder when 5089847 is divided by 66.
59
What is the remainder when 277366 is divided by 1180?
66
What is the remainder when 467886 is divided by 77971?
60
Calculate the remainder when 107282 is divided by 2434.
186
What is the remainder when 76797266 is divided by 397?
395
What is the remainder when 61916 is divided by 2936?
260
What is the remainder when 645310 is divided by 20786?
944
What is the remainder when 767421 is divided by 5818?
5263
What is the remainder when 27120 is divided by 5655?
4500
Calculate the remainder when 529221 is divided by 1680.
21
Calculate the